{"id":9728,"date":"2017-01-10T13:58:48","date_gmt":"2017-01-10T13:58:48","guid":{"rendered":"https:\/\/preprod.cosmetics-ebene.com\/?product=traitement-capillaire-volume-a-la-keratine"},"modified":"2025-05-28T21:53:51","modified_gmt":"2025-05-28T21:53:51","slug":"traitement-capillaire-volume-a-la-keratine","status":"publish","type":"product","link":"https:\/\/www.cosmetics-ebene.com\/en\/product\/traitement-capillaire-volume-a-la-keratine\/","title":{"rendered":"DermoEvolution Voluming Hair Treatment with Keratin"},"content":{"rendered":"<ul>\n<li>Traitement de 10 jours qui vous aide \u00e0 donner du volume \u00e0 vos cheveux\u00a0<\/li>\n<li>Excellent traitement pour les cheveux plats et ternes\u00a0<\/li>\n<li>A appliquer sur le cuir chevelu<\/li>\n<li>Produit fabriqu\u00e9 en France<\/li>\n<\/ul>\n","protected":false},"excerpt":{"rendered":"<p>Ce traitement de 10 jours aide \u00e0 donner du volume \u00e0 vos cheveux tout en leur apportant du bien-\u00eatre.<\/p>\n","protected":false},"featured_media":19728,"comment_status":"open","ping_status":"closed","template":"","meta":[],"product_brand":[269],"product_cat":[302,348,386],"product_tag":[],"class_list":{"0":"post-9728","1":"product","2":"type-product","3":"status-publish","4":"has-post-thumbnail","6":"product_brand-dermoevolution","7":"product_cat-dermoevolution-en","8":"product_cat-hair","9":"product_cat-traitement-soins-capillaire-en","10":"pa_je-suis-toutes-categories-confondues-en","11":"pa_une-marque-dermoevolution-en","12":"pa_une-solution-pour-cheveux-mes-cheveux-sont-fins-et-tombent-en","15":"instock","16":"taxable","17":"shipping-taxable","18":"purchasable","19":"product-type-simple"},"yoast_head":"<!-- This site is optimized with the Yoast SEO plugin v27.3 - https:\/\/yoast.com\/product\/yoast-seo-wordpress\/ -->\n<title>DermoEvolution Capillaire Volume \u00e0 la k\u00e9ratine<\/title>\n<meta name=\"description\" content=\"Ce traitement de 10 jours aide \u00e0 donner du volume \u00e0 vos cheveux tout en leur apportant du bien-\u00eatre\" \/>\n<meta name=\"robots\" content=\"index, follow, max-snippet:-1, max-image-preview:large, max-video-preview:-1\" \/>\n<link rel=\"canonical\" href=\"https:\/\/www.cosmetics-ebene.com\/en\/product\/traitement-capillaire-volume-a-la-keratine\/\" \/>\n<meta property=\"og:locale\" content=\"en_US\" \/>\n<meta property=\"og:type\" content=\"article\" \/>\n<meta property=\"og:title\" content=\"DermoEvolution Capillaire Volume \u00e0 la k\u00e9ratine\" \/>\n<meta property=\"og:description\" content=\"Ce traitement de 10 jours aide \u00e0 donner du volume \u00e0 vos cheveux tout en leur apportant du bien-\u00eatre\" \/>\n<meta property=\"og:url\" content=\"https:\/\/www.cosmetics-ebene.com\/en\/product\/traitement-capillaire-volume-a-la-keratine\/\" \/>\n<meta property=\"og:site_name\" content=\"Sessi\" \/>\n<meta property=\"article:modified_time\" content=\"2025-05-28T21:53:51+00:00\" \/>\n<meta property=\"og:image\" content=\"https:\/\/www.cosmetics-ebene.com\/wp-content\/uploads\/2017\/01\/Dermo-Keratine-Site.jpg\" \/>\n\t<meta property=\"og:image:width\" content=\"1080\" \/>\n\t<meta property=\"og:image:height\" content=\"1500\" \/>\n\t<meta property=\"og:image:type\" content=\"image\/jpeg\" \/>\n<meta name=\"twitter:card\" content=\"summary_large_image\" \/>\n<script type=\"application\/ld+json\" class=\"yoast-schema-graph\">{\"@context\":\"https:\\\/\\\/schema.org\",\"@graph\":[{\"@type\":\"WebPage\",\"@id\":\"https:\\\/\\\/www.cosmetics-ebene.com\\\/en\\\/product\\\/traitement-capillaire-volume-a-la-keratine\\\/\",\"url\":\"https:\\\/\\\/www.cosmetics-ebene.com\\\/en\\\/product\\\/traitement-capillaire-volume-a-la-keratine\\\/\",\"name\":\"DermoEvolution Capillaire Volume \u00e0 la k\u00e9ratine\",\"isPartOf\":{\"@id\":\"https:\\\/\\\/www.cosmetics-ebene.com\\\/en\\\/#website\"},\"primaryImageOfPage\":{\"@id\":\"https:\\\/\\\/www.cosmetics-ebene.com\\\/en\\\/product\\\/traitement-capillaire-volume-a-la-keratine\\\/#primaryimage\"},\"image\":{\"@id\":\"https:\\\/\\\/www.cosmetics-ebene.com\\\/en\\\/product\\\/traitement-capillaire-volume-a-la-keratine\\\/#primaryimage\"},\"thumbnailUrl\":\"https:\\\/\\\/www.cosmetics-ebene.com\\\/wp-content\\\/uploads\\\/2017\\\/01\\\/Dermo-Keratine-Site.jpg\",\"datePublished\":\"2017-01-10T13:58:48+00:00\",\"dateModified\":\"2025-05-28T21:53:51+00:00\",\"description\":\"Ce traitement de 10 jours aide \u00e0 donner du volume \u00e0 vos cheveux tout en leur apportant du bien-\u00eatre\",\"breadcrumb\":{\"@id\":\"https:\\\/\\\/www.cosmetics-ebene.com\\\/en\\\/product\\\/traitement-capillaire-volume-a-la-keratine\\\/#breadcrumb\"},\"inLanguage\":\"en-US\",\"potentialAction\":[{\"@type\":\"ReadAction\",\"target\":[\"https:\\\/\\\/www.cosmetics-ebene.com\\\/en\\\/product\\\/traitement-capillaire-volume-a-la-keratine\\\/\"]}]},{\"@type\":\"ImageObject\",\"inLanguage\":\"en-US\",\"@id\":\"https:\\\/\\\/www.cosmetics-ebene.com\\\/en\\\/product\\\/traitement-capillaire-volume-a-la-keratine\\\/#primaryimage\",\"url\":\"https:\\\/\\\/www.cosmetics-ebene.com\\\/wp-content\\\/uploads\\\/2017\\\/01\\\/Dermo-Keratine-Site.jpg\",\"contentUrl\":\"https:\\\/\\\/www.cosmetics-ebene.com\\\/wp-content\\\/uploads\\\/2017\\\/01\\\/Dermo-Keratine-Site.jpg\",\"width\":1080,\"height\":1500},{\"@type\":\"BreadcrumbList\",\"@id\":\"https:\\\/\\\/www.cosmetics-ebene.com\\\/en\\\/product\\\/traitement-capillaire-volume-a-la-keratine\\\/#breadcrumb\",\"itemListElement\":[{\"@type\":\"ListItem\",\"position\":1,\"name\":\"Home\",\"item\":\"https:\\\/\\\/www.cosmetics-ebene.com\\\/en\\\/\"},{\"@type\":\"ListItem\",\"position\":2,\"name\":\"Shop\",\"item\":\"https:\\\/\\\/www.cosmetics-ebene.com\\\/shop\\\/\"},{\"@type\":\"ListItem\",\"position\":3,\"name\":\"DermoEvolution Voluming Hair Treatment with Keratin\"}]},{\"@type\":\"WebSite\",\"@id\":\"https:\\\/\\\/www.cosmetics-ebene.com\\\/en\\\/#website\",\"url\":\"https:\\\/\\\/www.cosmetics-ebene.com\\\/en\\\/\",\"name\":\"Sessi\",\"description\":\"Produits de beaut\u00e9 pour peau noires et m\u00e9tiss\u00e9\",\"publisher\":{\"@id\":\"https:\\\/\\\/www.cosmetics-ebene.com\\\/en\\\/#organization\"},\"potentialAction\":[{\"@type\":\"SearchAction\",\"target\":{\"@type\":\"EntryPoint\",\"urlTemplate\":\"https:\\\/\\\/www.cosmetics-ebene.com\\\/en\\\/?s={search_term_string}\"},\"query-input\":{\"@type\":\"PropertyValueSpecification\",\"valueRequired\":true,\"valueName\":\"search_term_string\"}}],\"inLanguage\":\"en-US\"},{\"@type\":\"Organization\",\"@id\":\"https:\\\/\\\/www.cosmetics-ebene.com\\\/en\\\/#organization\",\"name\":\"Sessi\",\"url\":\"https:\\\/\\\/www.cosmetics-ebene.com\\\/en\\\/\",\"logo\":{\"@type\":\"ImageObject\",\"inLanguage\":\"en-US\",\"@id\":\"https:\\\/\\\/www.cosmetics-ebene.com\\\/en\\\/#\\\/schema\\\/logo\\\/image\\\/\",\"url\":\"https:\\\/\\\/www.cosmetics-ebene.com\\\/wp-content\\\/uploads\\\/2024\\\/09\\\/cosmetics-ebene-logo-1-e1727351533275.png\",\"contentUrl\":\"https:\\\/\\\/www.cosmetics-ebene.com\\\/wp-content\\\/uploads\\\/2024\\\/09\\\/cosmetics-ebene-logo-1-e1727351533275.png\",\"width\":350,\"height\":69,\"caption\":\"Sessi\"},\"image\":{\"@id\":\"https:\\\/\\\/www.cosmetics-ebene.com\\\/en\\\/#\\\/schema\\\/logo\\\/image\\\/\"}}]}<\/script>\n<!-- \/ Yoast SEO plugin. -->","yoast_head_json":{"title":"DermoEvolution Capillaire Volume \u00e0 la k\u00e9ratine","description":"Ce traitement de 10 jours aide \u00e0 donner du volume \u00e0 vos cheveux tout en leur apportant du bien-\u00eatre","robots":{"index":"index","follow":"follow","max-snippet":"max-snippet:-1","max-image-preview":"max-image-preview:large","max-video-preview":"max-video-preview:-1"},"canonical":"https:\/\/www.cosmetics-ebene.com\/en\/product\/traitement-capillaire-volume-a-la-keratine\/","og_locale":"en_US","og_type":"article","og_title":"DermoEvolution Capillaire Volume \u00e0 la k\u00e9ratine","og_description":"Ce traitement de 10 jours aide \u00e0 donner du volume \u00e0 vos cheveux tout en leur apportant du bien-\u00eatre","og_url":"https:\/\/www.cosmetics-ebene.com\/en\/product\/traitement-capillaire-volume-a-la-keratine\/","og_site_name":"Sessi","article_modified_time":"2025-05-28T21:53:51+00:00","og_image":[{"width":1080,"height":1500,"url":"https:\/\/www.cosmetics-ebene.com\/wp-content\/uploads\/2017\/01\/Dermo-Keratine-Site.jpg","type":"image\/jpeg"}],"twitter_card":"summary_large_image","schema":{"@context":"https:\/\/schema.org","@graph":[{"@type":"WebPage","@id":"https:\/\/www.cosmetics-ebene.com\/en\/product\/traitement-capillaire-volume-a-la-keratine\/","url":"https:\/\/www.cosmetics-ebene.com\/en\/product\/traitement-capillaire-volume-a-la-keratine\/","name":"DermoEvolution Capillaire Volume \u00e0 la k\u00e9ratine","isPartOf":{"@id":"https:\/\/www.cosmetics-ebene.com\/en\/#website"},"primaryImageOfPage":{"@id":"https:\/\/www.cosmetics-ebene.com\/en\/product\/traitement-capillaire-volume-a-la-keratine\/#primaryimage"},"image":{"@id":"https:\/\/www.cosmetics-ebene.com\/en\/product\/traitement-capillaire-volume-a-la-keratine\/#primaryimage"},"thumbnailUrl":"https:\/\/www.cosmetics-ebene.com\/wp-content\/uploads\/2017\/01\/Dermo-Keratine-Site.jpg","datePublished":"2017-01-10T13:58:48+00:00","dateModified":"2025-05-28T21:53:51+00:00","description":"Ce traitement de 10 jours aide \u00e0 donner du volume \u00e0 vos cheveux tout en leur apportant du bien-\u00eatre","breadcrumb":{"@id":"https:\/\/www.cosmetics-ebene.com\/en\/product\/traitement-capillaire-volume-a-la-keratine\/#breadcrumb"},"inLanguage":"en-US","potentialAction":[{"@type":"ReadAction","target":["https:\/\/www.cosmetics-ebene.com\/en\/product\/traitement-capillaire-volume-a-la-keratine\/"]}]},{"@type":"ImageObject","inLanguage":"en-US","@id":"https:\/\/www.cosmetics-ebene.com\/en\/product\/traitement-capillaire-volume-a-la-keratine\/#primaryimage","url":"https:\/\/www.cosmetics-ebene.com\/wp-content\/uploads\/2017\/01\/Dermo-Keratine-Site.jpg","contentUrl":"https:\/\/www.cosmetics-ebene.com\/wp-content\/uploads\/2017\/01\/Dermo-Keratine-Site.jpg","width":1080,"height":1500},{"@type":"BreadcrumbList","@id":"https:\/\/www.cosmetics-ebene.com\/en\/product\/traitement-capillaire-volume-a-la-keratine\/#breadcrumb","itemListElement":[{"@type":"ListItem","position":1,"name":"Home","item":"https:\/\/www.cosmetics-ebene.com\/en\/"},{"@type":"ListItem","position":2,"name":"Shop","item":"https:\/\/www.cosmetics-ebene.com\/shop\/"},{"@type":"ListItem","position":3,"name":"DermoEvolution Voluming Hair Treatment with Keratin"}]},{"@type":"WebSite","@id":"https:\/\/www.cosmetics-ebene.com\/en\/#website","url":"https:\/\/www.cosmetics-ebene.com\/en\/","name":"Sessi","description":"Produits de beaut\u00e9 pour peau noires et m\u00e9tiss\u00e9","publisher":{"@id":"https:\/\/www.cosmetics-ebene.com\/en\/#organization"},"potentialAction":[{"@type":"SearchAction","target":{"@type":"EntryPoint","urlTemplate":"https:\/\/www.cosmetics-ebene.com\/en\/?s={search_term_string}"},"query-input":{"@type":"PropertyValueSpecification","valueRequired":true,"valueName":"search_term_string"}}],"inLanguage":"en-US"},{"@type":"Organization","@id":"https:\/\/www.cosmetics-ebene.com\/en\/#organization","name":"Sessi","url":"https:\/\/www.cosmetics-ebene.com\/en\/","logo":{"@type":"ImageObject","inLanguage":"en-US","@id":"https:\/\/www.cosmetics-ebene.com\/en\/#\/schema\/logo\/image\/","url":"https:\/\/www.cosmetics-ebene.com\/wp-content\/uploads\/2024\/09\/cosmetics-ebene-logo-1-e1727351533275.png","contentUrl":"https:\/\/www.cosmetics-ebene.com\/wp-content\/uploads\/2024\/09\/cosmetics-ebene-logo-1-e1727351533275.png","width":350,"height":69,"caption":"Sessi"},"image":{"@id":"https:\/\/www.cosmetics-ebene.com\/en\/#\/schema\/logo\/image\/"}}]}},"_links":{"self":[{"href":"https:\/\/www.cosmetics-ebene.com\/en\/wp-json\/wp\/v2\/product\/9728","targetHints":{"allow":["GET"]}}],"collection":[{"href":"https:\/\/www.cosmetics-ebene.com\/en\/wp-json\/wp\/v2\/product"}],"about":[{"href":"https:\/\/www.cosmetics-ebene.com\/en\/wp-json\/wp\/v2\/types\/product"}],"replies":[{"embeddable":true,"href":"https:\/\/www.cosmetics-ebene.com\/en\/wp-json\/wp\/v2\/comments?post=9728"}],"version-history":[{"count":0,"href":"https:\/\/www.cosmetics-ebene.com\/en\/wp-json\/wp\/v2\/product\/9728\/revisions"}],"wp:featuredmedia":[{"embeddable":true,"href":"https:\/\/www.cosmetics-ebene.com\/en\/wp-json\/wp\/v2\/media\/19728"}],"wp:attachment":[{"href":"https:\/\/www.cosmetics-ebene.com\/en\/wp-json\/wp\/v2\/media?parent=9728"}],"wp:term":[{"taxonomy":"product_brand","embeddable":true,"href":"https:\/\/www.cosmetics-ebene.com\/en\/wp-json\/wp\/v2\/product_brand?post=9728"},{"taxonomy":"product_cat","embeddable":true,"href":"https:\/\/www.cosmetics-ebene.com\/en\/wp-json\/wp\/v2\/product_cat?post=9728"},{"taxonomy":"product_tag","embeddable":true,"href":"https:\/\/www.cosmetics-ebene.com\/en\/wp-json\/wp\/v2\/product_tag?post=9728"}],"curies":[{"name":"wp","href":"https:\/\/api.w.org\/{rel}","templated":true}]}}

<ul>
<li>Traitement de 10 jours qui vous aide à donner du volume à vos cheveux </li>
<li>Excellent traitement pour les cheveux plats et ternes </li>
<li>A appliquer sur le cuir chevelu</li>
<li>Produit fabriqué en France</li>
</ul>

<p>Ce traitement de 10 jours aide à donner du volume à vos cheveux tout en leur apportant du bien-être.</p>

<!-- This site is optimized with the Yoast SEO plugin v27.3 - https://yoast.com/product/yoast-seo-wordpress/ -->
<title>DermoEvolution Capillaire Volume à la kératine</title>
<meta name="description" content="Ce traitement de 10 jours aide à donner du volume à vos cheveux tout en leur apportant du bien-être" />
<meta name="robots" content="index, follow, max-snippet:-1, max-image-preview:large, max-video-preview:-1" />
<link rel="canonical" href="https://www.cosmetics-ebene.com/en/product/traitement-capillaire-volume-a-la-keratine/" />
<meta property="og:locale" content="en_US" />
<meta property="og:type" content="article" />
<meta property="og:title" content="DermoEvolution Capillaire Volume à la kératine" />
<meta property="og:description" content="Ce traitement de 10 jours aide à donner du volume à vos cheveux tout en leur apportant du bien-être" />
<meta property="og:url" content="https://www.cosmetics-ebene.com/en/product/traitement-capillaire-volume-a-la-keratine/" />
<meta property="og:site_name" content="Sessi" />
<meta property="article:modified_time" content="2025-05-28T21:53:51+00:00" />
<meta property="og:image" content="https://www.cosmetics-ebene.com/wp-content/uploads/2017/01/Dermo-Keratine-Site.jpg" />
	<meta property="og:image:width" content="1080" />
	<meta property="og:image:height" content="1500" />
	<meta property="og:image:type" content="image/jpeg" />
<meta name="twitter:card" content="summary_large_image" />
<script type="application/ld+json" class="yoast-schema-graph">{"@context":"https:\/\/schema.org","@graph":[{"@type":"WebPage","@id":"https:\/\/www.cosmetics-ebene.com\/en\/product\/traitement-capillaire-volume-a-la-keratine\/","url":"https:\/\/www.cosmetics-ebene.com\/en\/product\/traitement-capillaire-volume-a-la-keratine\/","name":"DermoEvolution Capillaire Volume à la kératine","isPartOf":{"@id":"https:\/\/www.cosmetics-ebene.com\/en\/#website"},"primaryImageOfPage":{"@id":"https:\/\/www.cosmetics-ebene.com\/en\/product\/traitement-capillaire-volume-a-la-keratine\/#primaryimage"},"image":{"@id":"https:\/\/www.cosmetics-ebene.com\/en\/product\/traitement-capillaire-volume-a-la-keratine\/#primaryimage"},"thumbnailUrl":"https:\/\/www.cosmetics-ebene.com\/wp-content\/uploads\/2017\/01\/Dermo-Keratine-Site.jpg","datePublished":"2017-01-10T13:58:48+00:00","dateModified":"2025-05-28T21:53:51+00:00","description":"Ce traitement de 10 jours aide à donner du volume à vos cheveux tout en leur apportant du bien-être","breadcrumb":{"@id":"https:\/\/www.cosmetics-ebene.com\/en\/product\/traitement-capillaire-volume-a-la-keratine\/#breadcrumb"},"inLanguage":"en-US","potentialAction":[{"@type":"ReadAction","target":["https:\/\/www.cosmetics-ebene.com\/en\/product\/traitement-capillaire-volume-a-la-keratine\/"]}]},{"@type":"ImageObject","inLanguage":"en-US","@id":"https:\/\/www.cosmetics-ebene.com\/en\/product\/traitement-capillaire-volume-a-la-keratine\/#primaryimage","url":"https:\/\/www.cosmetics-ebene.com\/wp-content\/uploads\/2017\/01\/Dermo-Keratine-Site.jpg","contentUrl":"https:\/\/www.cosmetics-ebene.com\/wp-content\/uploads\/2017\/01\/Dermo-Keratine-Site.jpg","width":1080,"height":1500},{"@type":"BreadcrumbList","@id":"https:\/\/www.cosmetics-ebene.com\/en\/product\/traitement-capillaire-volume-a-la-keratine\/#breadcrumb","itemListElement":[{"@type":"ListItem","position":1,"name":"Home","item":"https:\/\/www.cosmetics-ebene.com\/en\/"},{"@type":"ListItem","position":2,"name":"Shop","item":"https:\/\/www.cosmetics-ebene.com\/shop\/"},{"@type":"ListItem","position":3,"name":"DermoEvolution Voluming Hair Treatment with Keratin"}]},{"@type":"WebSite","@id":"https:\/\/www.cosmetics-ebene.com\/en\/#website","url":"https:\/\/www.cosmetics-ebene.com\/en\/","name":"Sessi","description":"Produits de beauté pour peau noires et métissé","publisher":{"@id":"https:\/\/www.cosmetics-ebene.com\/en\/#organization"},"potentialAction":[{"@type":"SearchAction","target":{"@type":"EntryPoint","urlTemplate":"https:\/\/www.cosmetics-ebene.com\/en\/?s={search_term_string}"},"query-input":{"@type":"PropertyValueSpecification","valueRequired":true,"valueName":"search_term_string"}}],"inLanguage":"en-US"},{"@type":"Organization","@id":"https:\/\/www.cosmetics-ebene.com\/en\/#organization","name":"Sessi","url":"https:\/\/www.cosmetics-ebene.com\/en\/","logo":{"@type":"ImageObject","inLanguage":"en-US","@id":"https:\/\/www.cosmetics-ebene.com\/en\/#\/schema\/logo\/image\/","url":"https:\/\/www.cosmetics-ebene.com\/wp-content\/uploads\/2024\/09\/cosmetics-ebene-logo-1-e1727351533275.png","contentUrl":"https:\/\/www.cosmetics-ebene.com\/wp-content\/uploads\/2024\/09\/cosmetics-ebene-logo-1-e1727351533275.png","width":350,"height":69,"caption":"Sessi"},"image":{"@id":"https:\/\/www.cosmetics-ebene.com\/en\/#\/schema\/logo\/image\/"}}]}</script>
<!-- / Yoast SEO plugin. -->

DermoEvolution Capillaire Volume à la kératine

Ce traitement de 10 jours aide à donner du volume à vos cheveux tout en leur apportant du bien-être

Produits de beauté pour peau noires et métissé
